w + 93044. Give i(-175).
-56
Let r(h) = 2716*h**2 + 16232*h + 5. Determine r(-6).
389
Let k(x) = x**2 - 10*x + 247. Give k(-13).
546
Let s(a) = -310*a - 100613. Calculate s(-324).
-173
Let t(d) = -6*d**3 + 650*d**2 - 216*d + 8. Calculate t(108).
8
Let p(z) = -z**2 - 82*z - 291. Determine p(-4).
21
Let c(z) = -2*z**2 - 91*z + 4919. What is c(32)?
-41
Let u(z) = -5*z**3 + 789*z**2 + 157*z - 29. Determine u(158).
-187
Let o(c) = 3*c**2 + 330*c + 1014. Determine o(-107).
51
Let x(n) = -4361*n - 39152. Determine x(-9).
97
Let o(m) = 108529*m + 22248444. Determine o(-205).
-1
Let i(j) = j**3 - 148*j**2 + 1323*j + 571. Give i(10).
1
Let s(n) = -3*n**3 - 341*n**2 - 238*n - 1354. Calculate s(-113).
2
Let f(i) = 4235*i**2 + 177869*i - 47. Calculate f(-42).
-5
Let n(k) = -23562*k + 2356194. What is n(100)?
-6
Let t(r) = -r**2 + 15751*r - 2540829. What is t(163)?
15
Let x(q) = 9*q**2 - 233*q + 1198. What is x(10)?
-232
Let m(f) = 4*f**3 + 7*f**2 + 2*f - 184. Give m(8).
2328
Let s(p) = -p**3 - 44*p**2 - 438*p - 232. Determine s(-19).
-935
Let j(u) = -16*u**2 - 112*u - 123. Give j(-9).
-411
Let s(n) = 185*n + 430. Determine s(3).
985
Let z(u) = u**3 + 71*u**2 + 1036*u + 1015. Give z(-19).
103
Let y(c) = 4703*c + 23619. What is y(-5)?
104
Let h(d) = 2874*d - 738720. Give h(257).
-102
Let i(k) = -2097*k - 289. Give i(0).
-289
Let t(c) = 487040*c - 487007. Determine t(1).
33
Let p(x) = x**2 - 113*x - 50843. Give p(-176).
21
Let z(m) = 732*m - 35829. Determine z(49).
39
Let h(t) = 1519*t - 41102. Determine h(27).
-89
Let h(r) = -r**3 - 122*r**2 + 274*r + 33540. Determine h(-122).
112
Let r(q) = 4*q**3 - 291*q**2 + 1269*q + 1551. Determine r(68).
-13
Let z(d) = -44*d**2 - 277*d - 383. Determine z(-2).
-5
Let k(j) = -8112*j + 276. Calculate k(0).
276
Let l(r) = 1081088*r - 10810870. Determine l(10).
10
Let r(v) = -5*v**3 - 200*v**2 - 1081*v - 2086. Give r(-34).
-12
Let f(o) = 6*o**3 - 12*o**2 - 151*o + 82. Give f(6).
40
Let w(v) = 44*v**3 + 9*v**2 + 16945*v + 16937. Determine w(-1).
-43
Let m(z) = -z**2 + 209*z - 6806. Determine m(163).
692
Let g(r) = 9*r**3 + 9*r**2 - 47*r + 157. Determine g(5).
1272
Let i(w) = 656828*w + 1970442. Determine i(-3).
-42
Let d(m) = -89*m + 4986. What is d(41)?
1337
Let u(w) = 75*w + 13615. What is u(-182)?
-35
Let d(b) = 2*b**2 - 190*b - 271. Determine d(92).
-823
Let a(q) = 2*q**2 + 267*q + 8273. Determine a(-70).
-617
Let m(a) = -4*a**3 + 48*a**2 - 61851*a + 742211. Calculate m(12).
-1
Let m(i) = 2*i**3 + 200*i**2 + 959*i + 862. Give m(-95).
7
Let f(i) = -1903*i + 546289. Give f(287).
128
Let p(t) = 221*t - 1742. What is p(11)?
689
Let o(p) = 235*p - 15418. What is o(67)?
327
Let k(d) = 2*d**2 + 19*d - 10643. Give k(63).
-1508
Let u(r) = -1897*r - 66400. What is u(-35)?
-5
Let n(r) = -45*r**2 - 1229*r + 333. What is n(-28)?
-535
Let b(h) = -7*h**2 + 50*h + 27312. What is b(-59)?
-5
Let i(w) = 65542*w + 8389377. Give i(-128).
1
Let t(y) = -6*y**3 + 1305*y**2 + 86020*y + 41. Determine t(-53).
-12
Let b(i) = -1970*i + 9737. What is b(6)?
-2083
Let k(t) = 38038*t + 304311. Give k(-8).
7
Let l(r) = r**3 + 95*r**2 - 333*r - 31645. Calculate l(-95).
-10
Let a(p) = 150044*p + 9152684. Calculate a(-61).
0
Let l(y) = y**3 + 6*y**2 - 114*y + 58. Determine l(-14).
86
Let d(u) = 190572*u - 2096256. Calculate d(11).
36
Let h(b) = -237*b - 28468. What is h(-119)?
-265
Let s(p) = 937*p - 101290. Give s(108).
-94
Let s(b) = -5*b**2 - 550*b - 11. What is s(-110)?
-11
Let i(o) = -22*o**3 - 124*o**2 + 12*o + 31. What is i(-6)?
247
Let u(n) = -n**3 + 35*n**2 + 88*n - 1184. Calculate u(5).
6
Let b(o) = -34*o**2 + 987*o - 5833. Determine b(6).
-1135
Let u(i) = i**3 - 174*i**2 - 1039*i + 232. Give u(-6).
-14
Let b(t) = 54736*t - 766304. Give b(14).
0
Let c(o) = -1095*o - 355858. Determine c(-325).
17
Let l(z) = -5*z**2 - 814*z - 2960. Give l(-159).
61
Let g(y) = 512*y - 15603. Give g(32).
781
Let t(p) = -38921*p - 233521. Determine t(-6).
5
Let c(m) = -33*m - 2345. Calculate c(-40).
-1025
Let f(u) = -5792*u + 11617. Calculate f(2).
33
Let r(h) = -4*h**2 + 6232*h - 266464. Give r(44).
0
Let l(a) = 2*a**3 + 128*a**2 - 2222*a - 16942. Determine l(-77).
-2
Let o(r) = 8*r + 59. Determine o(-3).
35
Let y(b) = -144*b + 4126. What is y(42)?
-1922
Let l(n) = -n**2 + 39*n + 5077. Give l(-53).
201
Let r(b) = 2*b**3 + 34*b**2 - 30*b + 64. Give r(7).
2206
Let m(z) = 1012*z - 46557. Give m(46).
-5
Let l(j) = -j**2 - 535298*j + 4817759. Give l(9).
-4
Let g(u) = 901*u - 254. Give g(0).
-254
Let y(k) = 6913*k - 7880830. Calculate y(1140).
-10
Let q(a) = a**3 + 60*a**2 - 115*a + 283. What is q(-62)?
-275
Let t(f) = 395*f**2 + 1532*f - 193. What is t(-4)?
-1
Let w(c) = -16334*c + 81560. Calculate w(5).
-110
Let t(v) = -368324*v + 736642. Determine t(2).
-6
Let q(h) = -h**2 - 1304*h - 9128. Give q(-7).
-49
Let l(m) = -m**3 - 58*m**2 - 772*m + 151. Give l(-37).
-34
Let t(p) = 857*p**2 + 3374*p - 37. Calculate t(-4).
179
Let d(h) = -67*h**2 - 4821*h + 237. What is d(-72)?
21
Let q(x) = -17*x**2 + 7310*x - 14534. What is q(428)?
18
Let x(p) = 14765*p + 103448. Give x(-7).
93
Let x(g) = g**3 + 181*g**2 - 11273*g - 680. Give x(-230).
10
Let v(m) = -1125*m**2 + 69732*m + 1098. Calculate v(62).
-18
Let w(n) = 27*n + 6316. Calculate w(-158).
2050
Let i(s) = 41913*s - 125100. Calculate i(3).
639
Let b(p) = -11*p - 714. Give b(-118).
584
Let x(j) = 270*j**2 + 40213*j - 2530. Determine x(-149).
3
Let z(l) = 91452*l + 91539. Determine z(-1).
87
Let a(d) = -747672*d - 17944136. Determine a(-24).
-8
Let b(k) = -49*k**3 - 96*k**2 - 5*k - 15. Give b(-2).
3
Let h(a) = 3*a**3 + 9*a**2 - 285*a + 1304. What is h(7)?
779
Let p(d) = -1476*d - 26524. Give p(-18).
44
Let n(x) = -x**3 - 4*x**2 + 903*x + 7083. Determine n(-8).
115
Let y(t) = 2*t**3 - 260*t**2 + 4933*t - 304. Give y(107).
873
Let d(l) = l**2 - 14*l - 4671. What is d(-63)?
180
Let d(j) = 46*j**3 + 411*j**2 - 108*j - 739. Calculate d(-9).
-10
Let m(j) = j**2 + 81*j - 248. What is m(-84)?
4
Let z(h) = h**3 + 78*h**2 - 2792*h - 9270. Determine z(-104).
-118
Let c(s) = -20*s**2 + 44*s - 156. Give c(5).
-436
Let t(b) = b**3 + 103*b**2 + 580*b - 8846. Determine t(-96).
-14
Let p(m) = 13*m**2 - 237*m + 547. Calculate p(17).
275
Let q(d) = 24*d**3 - 354*d**2 + 847*d - 656. Give q(12).
4
Let t(n) = -n**3 - 39*n**2 - n + 198. Determine t(-39).
237
Let d(y) = 8259*y + 2560285. Calculate d(-310).
-5
Let v(b) = -186389*b + 1118329. Give v(6).
-5
Let o(u) = 12*u**2 + 156*u - 716. Determine o(5).
364
Let u(y) = -y**3 - 49*y**2 + 50*y + 115. Give u(-50).
115
Let o(l) = -43822*l - 219118. Calculate o(-5).
-8
Let s(q) = -21*q**2 - 1534*q + 3158. Calculate s(2).
6
Let a(b) = -53*b**3 + 97*b**2 + 79*b - 131. Calculate a(2).
-9
Let p(b) = 4*b**2 + 223*b + 559. Determine p(-52).
-221
Let f(j) = -22*j**3 + 712*j**2 - 266*j + 331. What is f(32)?
11
Let k(p) = p**3 - 97*p**2 + 120*p - 2529. What is k(96)?
-225
Let j(q) = 3164*q**2 - 19023*q + 227. What is j(6)?
-7
Let l(a) = -4*a**3 - 308*a**2 + 325*a + 1200. Give l(-78).
186
Let s(q) = 3*q**3 + 32*q**2 - 1036*q + 988. Give s(-25).
13
Let f(k) = 1011*k**3 + 24*k**2 + 29*k + 27. Calculate f(-1).
-989
Let o(r) = -2*r**2 + 84*r + 19783. Give o(-80).
263
Let w(a) = -a**3 + 35*a**2 - 184*a - 1037. Give w(12).
67
Let y(n) = -3068*n - 153409. Give y(-50).
-9
Let i(m) = -2*m**2 + 965*m - 25690. Give i(28).
-238
Let w(g) = g**3 + 2*g**2 + 2576*g + 15556. What is w(-6)?
-44
Let w(q) = -q**2 + 157*q - 318. Calculate w(155).
-8
Let r(i) = -271*i - 3491. Determine r(-16).
845
Let i(h) = h**3 + 18*h**2 + 541*h + 17884. Calculate i(-25).
-16
Let m(n) = 122*n**2 + 267*n + 103. Determine m(-1).
-42
Let w(z) = -3*z**2 + 389*z + 507. What is w(132)?
-417
Let n(h) = 5*h**3 - 460*h**2 - 3*h + 486. Calculate n(92).
210
Let f(g) = -13*g**3 - 1144*g**2 + 3*g + 376. Give f(-88).
112
Let d(l) = -31421*l - 1351106. Calculate d(-43).
-3
Let w(d) = 214379*d - 214376. Give w(1).
3
Let h(j) = -51*j**3 - 7396*j**2 - 199*j - 7825. What is h(-145)?
5
Let f(i) = -2*i**2 - 85*i - 571. Determine f(-11).
122
Let p(l) = 10*l**2 + 56*l - 452. What is p(-10)?
-12
Let d(k) = -k**2 - 392*k - 5682. Determine d(-15).
-27
Let w(g) = -80193*g - 74. Give w(0).
-74
Let y(f) = 6424*f + 231360. What is y(-36)?
96
Let u(p) = 3*p**3 + 463*p**2 + 162*p + 1